{"id":9310,"date":"2023-07-19T14:24:28","date_gmt":"2023-07-19T12:24:28","guid":{"rendered":"https:\/\/es.amateur.tv\/blog\/?page_id=9310"},"modified":"2024-08-05T20:18:01","modified_gmt":"2024-08-05T18:18:01","slug":"nivel-avanzado-ingresos-y-estadisticas","status":"publish","type":"page","link":"https:\/\/es.amateur.tv\/blog\/guia-modelos\/nivel-avanzado-ingresos-y-estadisticas\/","title":{"rendered":"S\u00e9 una estrella: Nivel avanzado &#8211; Ingresos y Estad\u00edsticas"},"content":{"rendered":"\n<style>\n .titleG {\n   color: #DE001A;\n   text-align: center;\n   font-size: 63px;\n   font-style: normal;\n   font-weight: 900;\n   line-height: 65px;\n   margin-bottom: 30px;\n   margin-top: 20px;\n   padding-left: 20px;\n   padding-right: 20px;\n  }\n @media screen and (max-width: 400px) {\n    .titleG {\n       font-size: 40px;\n       line-height: 50px;\n       margin-bottom: 20px;\n    }\n  }\n<\/style>\n\n<p class=\"titleG\">Gu\u00eda para modelos<\/p>\n\n\n<div class=\"gb-grid-wrapper gb-grid-wrapper-e4a76ee0 pad-left\">\n<div class=\"gb-grid-column gb-grid-column-35eec1c8\"><div class=\"gb-container gb-container-35eec1c8\">\n\n<p style=\"background-color:#DE001A;border-radius:10px;height: 58px;font-size: 24px;display:flex;justify-content:flex-start;align-items:center;color:#ffffff;padding-left:30px;margin-bottom: 1em;\"><strong>S\u00e9 una estrella: Nivel Avanzado<\/strong><\/p>\n\n\n\n<h2 class=\"wp-block-heading\" style=\"display:flex;align-items:center;\"><div style=\"background:#DE001A;height: 60px;width: 60px;border-radius:100%;display:flex;justify-content:center;align-items:center;margin-right:15px;color:#ffffff\"><strong>6<\/strong><\/div> <strong>Ingresos y Estad\u00edsticas<\/strong><\/h2>\n\n\n\n<p><strong>\u00a1Saca partido a tu tabla de ganancias!<\/strong><\/p>\n<p>Como modelo cuento con el apartado de <strong>Ingresos &gt; Gestionar cuenta<\/strong>, en el mismo encuentro un subapartado de <strong>Estad\u00edsticas<\/strong> en el cual me presentan una tabla de ganancias que puedo clasificar por Mes y D\u00edas, a su vez, tiene 2 columnas fundamentales que me permiten verificar de d<span style=\"font-weight: 400;\">\u00f3<\/span>nde provienen esas ganancias: <strong>Propinas y Devoluciones<\/strong>.<\/p>\n<ul>\n<li><strong>Propinas:<\/strong> Registra todas las ganancias referentes a aportaciones directas, aportaciones offline, aportaciones en juegos, bots y privados, recompensas de la web.<\/li>\n<li><strong>Devoluciones:<\/strong> Registra los movimientos de propinas que he retirado o canjeado, y est\u00e1n devueltas a mi cuenta.<\/li>\n<\/ul>\n<p>Todo esto me da una ventaja para planificar mis ganancias en la p\u00e1gina y sacar el m\u00e1ximo provecho a mis shows.<\/p>\n\n\n\n<figure class=\"wp-block-embed is-type-video is-provider-vimeo wp-block-embed-vimeo wp-embed-aspect-16-9 wp-has-aspect-ratio\"><div class=\"wp-block-embed__wrapper\">\n<iframe loading=\"lazy\" title=\"ESTADISTICAS AMATEUR\" src=\"https:\/\/player.vimeo.com\/video\/857153817?dnt=1&amp;app_id=122963\" width=\"1200\" height=\"675\" frameborder=\"0\" allow=\"autoplay; fullscreen; picture-in-picture\"><\/iframe>\n<\/div><\/figure>\n\n\n\n<p><\/p>\n\n\n\n<blockquote class=\"wp-block-quote is-layout-flow wp-block-quote-is-layout-flow\">\n<p>Como nota importante, si soy una Modelo de Estudio, cuando el Manager vincula mi cuenta a la suya, todos los d\u00edas el sistema autom\u00e1ticamente har\u00e1 una Transferencia de Fondos a la cuenta del Estudio. Por esto, ver\u00e9 mis propinas en cero y dicho movimiento reflejado en mis Estad\u00edsticas como saldo negativo.<\/p>\n<\/blockquote>\n\n<\/div><\/div>\n\n<div class=\"gb-grid-column gb-grid-column-a1037bcd\"><div class=\"gb-container gb-container-a1037bcd\">\n\n<style>\n a:hover {\n  font-weight: 700;\n }\n .mostrar {\n   display: block;\n  }\n .twitter-share {\n   display: none !important;\n }\n .entry-content {\n   margin-bottom:30px;\n }\n @media screen and (max-width: 1000px) {\n    .gb-grid-wrapper > .gb-grid-column-35eec1c8 {\n      width: 100%;\n    }\n  }\n @media screen and (max-width: 1000px) {\n    .mostrar {\n       display: none !important;\n    }\n  }\n<\/style>\n<p style=\"background-color:#ffcc3d;border-radius:10px;height: 58px;font-size: 24px;display:flex;justify-content:center;align-items:center;color:#ffffff;\" class=\"mostrar\"><strong>Nivel B\u00e1sico<\/strong><\/p>\n\n\n\n<div class=\"mostrar\" style=\"padding:30px;background:#edeff1;border-radius: 10px;margin-bottom: 30px;\">\n\n<p class=\"mostrar\" style=\"font-weight: 700;font-size:24px;\">Empieza<\/p>\n\n<div class=\"mostrar\" style=\"display:flex;margin-top:-10px;\">\n<div id=\"numberR\" class=\"mostrar\" style=\"background:#FFCC3D;height: 32px;width: 32px;border-radius:100%;display:flex;justify-content:center;align-items:center;margin-top:-2px;margin-right:15px;min-height: 32px;min-width: 32px;\"><strong>1<\/strong><\/div>\n<a id=\"textR\" class=\"mostrar\" href=\"https:\/\/es.amateur.tv\/blog\/guia-modelos\/nivel-basico-registro\/\" style=\"color:#000000;word-break: break-word;\">Registro<\/a>\n<\/div>\n\n<div class=\"mostrar\" style=\"display:flex;margin-top:16px;\">\n<div id=\"numberR2\" class=\"mostrar\" style=\"background:#FFCC3D;height: 32px;width: 32px;border-radius:100%;display:flex;justify-content:center;align-items:center;margin-top:-2px;margin-right:15px;min-height: 32px;min-width: 32px;\"><strong>2<\/strong><\/div>\n<a href=\"https:\/\/es.amateur.tv\/blog\/guia-modelos\/empieza-nivel-basico-cuenta-de-modelo\/\" id=\"textR2\" style=\"color:#000000;word-break: break-word;\">Cuenta de modelo<\/a>\n<\/div>\n\n<div style=\"display:flex;margin-top:16px;\">\n<div id=\"numberR3\" style=\"background:#FFCC3D;height: 32px;width: 32px;border-radius:100%;display:flex;justify-content:center;align-items:center;margin-top:-2px;margin-right:15px;min-height: 32px;min-width: 32px;\"><strong>3<\/strong><\/div>\n<a href=\"https:\/\/es.amateur.tv\/blog\/guia-modelos\/nivel-basico-como-ganar\/\" id=\"textR3\" style=\"color:#000000;word-break: break-word;\">\u00bfC\u00f3mo ganar $?<\/a>\n<\/div>\n\n<\/div>\n\n\n\n<p style=\"background-color:#EF934D;border-radius:10px;height: 58px;font-size: 24px;display:flex;justify-content:center;align-items:center;color:#ffffff;line-height: 24px;padding-left: 10px;padding-right: 10px;\" class=\"mostrar\"><strong>Nivel Intermedio<\/strong><\/p>\n\n\n\n<div class=\"mostrar\" style=\"padding:30px;background:#edeff1;border-radius: 10px;margin-bottom: 30px;\">\n\n<p class=\"mostrar\" style=\"font-weight: 700;font-size:24px;\">Mejora tu emisi\u00f3n<\/p>\n\n<div class=\"mostrar\" style=\"display:flex;margin-top:-10px;\">\n<div id=\"numberR4\" style=\"background:#EF934D;height: 32px;width: 32px;border-radius:100%;display:flex;justify-content:center;align-items:center;margin-top:-2px;margin-right:15px;color:white;min-height: 32px;min-width: 32px;\"><strong>1<\/strong><\/div>\n<a href=\"https:\/\/es.amateur.tv\/blog\/guia-modelos\/nivel-intermedio-configurar-sala\/\" id=\"textR4\" style=\"color:#000000;word-break: break-word;\">Configurar sala<\/a>\n<\/div>\n\n<div class=\"mostrar\" style=\"display:flex;margin-top:16px;\">\n<div id=\"numberR5\" style=\"background:#EF934D;height: 32px;width: 32px;border-radius:100%;display:flex;justify-content:center;align-items:center;margin-top:-2px;margin-right:15px;color:white;min-height: 32px;min-width: 32px;\"><strong>2<\/strong><\/div>\n<a href=\"https:\/\/es.amateur.tv\/blog\/guia-modelos\/nivel-intermedio-juegos-y-bots\/\" id=\"textR5\" style=\"color:#000000;word-break: break-word;\">Juegos y Bots<\/a>\n<\/div>\n\n<div class=\"mostrar\" style=\"display:flex;margin-top:16px;\">\n<div id=\"numberR6\" style=\"background:#EF934D;height: 32px;width: 32px;border-radius:100%;display:flex;justify-content:center;align-items:center;margin-top:-2px;margin-right:15px;color:white;min-height: 32px;min-width: 32px;\"><strong>3<\/strong><\/div>\n<a href=\"https:\/\/es.amateur.tv\/blog\/guia-modelos\/nivel-intermedio-conectar-juguetes\/\" id=\"textR6\" style=\"color:#000000;word-break: break-word;\">Conectar juguetes<\/a>\n<\/div>\n\n<div class=\"mostrar\" style=\"display:flex;margin-top:16px;\">\n<div id=\"numberR7\" style=\"background:#EF934D;height: 32px;width: 32px;border-radius:100%;display:flex;justify-content:center;align-items:center;margin-top:-2px;margin-right:15px;color:white;min-height: 32px;min-width: 32px;\"><strong>4<\/strong><\/div>\n<a href=\"https:\/\/es.amateur.tv\/blog\/guia-modelos\/nivel-intermedio-ranking-embajadoras\/\" id=\"textR7\" style=\"color:#000000;word-break: break-word;\">Ranking Embajadoras<\/a>\n<\/div>\n\n<div class=\"mostrar\" style=\"display:flex;margin-top:16px;\">\n<div id=\"numberR8\" style=\"background:#EF934D;height: 32px;width: 32px;border-radius:100%;display:flex;justify-content:center;align-items:center;margin-top:-2px;margin-right:15px;color:white;min-height: 32px;min-width: 32px;\"><strong>5<\/strong><\/div>\n<a href=\"https:\/\/es.amateur.tv\/blog\/guia-modelos\/nivel-intermedio-monetizacion\/\" id=\"textR8\" style=\"color:#000000;word-break: break-word;\">Monetizaci\u00f3n<\/a>\n<\/div>\n\n<div class=\"mostrar\" style=\"display:flex;margin-top:16px;\">\n<div id=\"numberR9\" style=\"background:#EF934D;height: 32px;width: 32px;border-radius:100%;display:flex;justify-content:center;align-items:center;margin-top:-2px;margin-right:15px;color:white;min-height: 32px;min-width: 32px;\"><strong>6<\/strong><\/div>\n<a href=\"https:\/\/es.amateur.tv\/blog\/guia-modelos\/nivel-intermedio-retiro-de-propinas\/\" id=\"textR9\" style=\"color:#000000;word-break: break-word;\">Retiro de propinas<\/a>\n<\/div>\n\n<div class=\"mostrar\" style=\"display:flex;margin-top:16px;\">\n<div id=\"numberR10\" style=\"background:#EF934D;height: 32px;width: 32px;border-radius:100%;display:flex;justify-content:center;align-items:center;margin-top:-2px;margin-right:15px;color:white;min-height: 32px;min-width: 32px;\"><strong>7<\/strong><\/div>\n<a href=\"https:\/\/es.amateur.tv\/blog\/guia-modelos\/nivel-intermedio-contacto-con-soporte\/\" id=\"textR10\" style=\"color:#000000;word-break: break-word;\">Contacto con soporte<\/a>\n<\/div>\n\n<div class=\"mostrar\" style=\"display:flex;margin-top:16px;\">\n<div id=\"numberR11\" style=\"background:#EF934D;height: 32px;width: 32px;border-radius:100%;display:flex;justify-content:center;align-items:center;margin-top:-2px;margin-right:15px;color:white;min-height: 32px;min-width: 32px;\"><strong>8<\/strong><\/div>\n<a href=\"https:\/\/es.amateur.tv\/blog\/guia-modelos\/nivel-intermedio-emision-conjunta\/\" id=\"textR11\" style=\"color:#000000;word-break: break-word;\">Emisi\u00f3n Conjunta<\/a>\n<\/div>\n\n<div class=\"mostrar\" style=\"display:flex;margin-top:16px;\">\n<div id=\"numberR12\" style=\"background:#EF934D;height: 32px;width: 32px;border-radius:100%;display:flex;justify-content:center;align-items:center;margin-top:-2px;margin-right:15px;color:white;min-height: 32px;min-width: 32px;\"><strong>9<\/strong><\/div>\n<a href=\"https:\/\/es.amateur.tv\/blog\/guia-modelos\/mejora-tu-emision-nivel-intermedio-camscore\/\" id=\"textR12\" style=\"color:#000000;word-break: break-word;\">CamScore<\/a>\n<\/div>\n\n<\/div>\n\n\n\n<p style=\"background-color:#DE001A;border-radius:10px;height: 58px;font-size: 24px;display:flex;justify-content:center;align-items:center;color:#ffffff;line-height: 24px;padding-left: 10px;padding-right: 10px;\" class=\"mostrar\"><strong>Nivel Avanzado<\/strong><\/p>\n\n\n\n<div class=\"mostrar\" style=\"padding:30px;background:#edeff1;border-radius: 10px;\">\n\n<p class=\"mostrar\" style=\"font-weight: 700;font-size:24px;\">S\u00e9 una estrella<\/p>\n\n<div class=\"mostrar\" style=\"display:flex;margin-top:-10px;\">\n<div id=\"numberR13\" style=\"background:#DE001A;height: 32px;width: 32px;border-radius:100%;display:flex;justify-content:center;align-items:center;margin-top:-2px;margin-right:15px;color:#ffffff;min-height: 32px;min-width: 32px;\"><strong>1<\/strong><\/div>\n<a href=\"https:\/\/es.amateur.tv\/blog\/guia-modelos\/nivel-avanzado-crear-comunidad-rrss\/\" id=\"textR13\" style=\"color:#000000;word-break: break-word;\">Crear comunidad (RRSS)<\/a>\n<\/div>\n\n<div class=\"mostrar\" style=\"display:flex;margin-top:16px;\">\n<div id=\"numberR14\" style=\"background:#DE001A;height: 32px;width: 32px;border-radius:100%;display:flex;justify-content:center;align-items:center;margin-top:-2px;margin-right:15px;color:#ffffff;min-height: 32px;min-width: 32px;\"><strong>2<\/strong><\/div>\n<a href=\"https:\/\/es.amateur.tv\/blog\/guia-modelos\/nivel-avanzado-anunciar-show\/\" id=\"textR14\" style=\"color:#000000;word-break: break-word;\">Anunciar show<\/a>\n<\/div>\n\n<div class=\"mostrar\" style=\"display:flex;margin-top:16px;\">\n<div id=\"numberR15\" style=\"background:#DE001A;height: 32px;width: 32px;border-radius:100%;display:flex;justify-content:center;align-items:center;margin-top:-2px;margin-right:15px;color:#ffffff;min-height: 32px;min-width: 32px;\"><strong>3<\/strong><\/div>\n<a href=\"https:\/\/es.amateur.tv\/blog\/guia-modelos\/nivel-avanzado-emitir-en-hd\/\" id=\"textR15\" style=\"color:#000000;word-break: break-word;\">Emitir en HD<\/a>\n<\/div>\n\n<div class=\"mostrar\" style=\"display:flex;margin-top:16px;\">\n<div id=\"numberR16\" style=\"background:#DE001A;height: 32px;width: 32px;border-radius:100%;display:flex;justify-content:center;align-items:center;margin-top:-2px;margin-right:15px;color:#ffffff;min-height: 32px;min-width: 32px;\"><strong>4<\/strong><\/div>\n<a href=\"https:\/\/es.amateur.tv\/blog\/guia-modelos\/nivel-avanzado-mejorar-emision-en-hd\/\" id=\"textR16\" style=\"color:#000000;word-break: break-word;\">Mejorar emisi\u00f3n en HD<\/a>\n<\/div>\n\n<div class=\"mostrar\" style=\"display:flex;margin-top:16px;\">\n<div id=\"numberR17\" style=\"background:#DE001A;height: 32px;width: 32px;border-radius:100%;display:flex;justify-content:center;align-items:center;margin-top:-2px;margin-right:15px;color:#ffffff;min-height: 32px;min-width: 32px;\"><strong>5<\/strong><\/div>\n<a href=\"https:\/\/es.amateur.tv\/blog\/guia-modelos\/nivel-avanzado-juguetes-y-obs\/\" id=\"textR17\" style=\"color:#000000;word-break: break-word;\">Juguetes y OBS<\/a>\n<\/div>\n\n<div class=\"mostrar\" style=\"display:flex;margin-top:16px;\">\n<div id=\"numberR18\" style=\"background:#DE001A;height: 32px;width: 32px;border-radius:100%;display:flex;justify-content:center;align-items:center;margin-top:-2px;margin-right:15px;color:#ffffff;min-height: 32px;min-width: 32px;\"><strong>6<\/strong><\/div>\n<a href=\"https:\/\/es.amateur.tv\/blog\/guia-modelos\/nivel-avanzado-ingresos-y-estadisticas\/\" id=\"textR18\" style=\"color:#000000;word-break: break-word;\">Ingresos y Estad\u00edsticas<\/a>\n<\/div>\n\n<div class=\"mostrar\" style=\"display:flex;margin-top:16px;\">\n<div id=\"numberR19\" style=\"background:#DE001A;height: 32px;width: 32px;border-radius:100%;display:flex;justify-content:center;align-items:center;margin-top:-2px;margin-right:15px;color:#ffffff;min-height: 32px;min-width: 32px;\"><strong>7<\/strong><\/div>\n<a href=\"https:\/\/es.amateur.tv\/blog\/guia-modelos\/se-una-estrella-nivel-avanzado-fotos-y-videos\/\" id=\"textR19\" style=\"color:#000000;word-break: break-word;\">Fotos y v\u00eddeos<\/a>\n<\/div>\n\n\n<\/div>\n\n<\/div><\/div>\n<\/div>\n\n\n<style>\n  #numberR18 {\n    background: #000000 !important;\n    color: #ffffff !important;\n  }\n  #textR18 {\n    font-weight: bold;\n  }\n .btnn {\n    margin-top: 40px;\n    color: #FFF;\n    text-align: center;\n    font-size: 18px;\n    font-style: normal;\n    font-weight: 700;\n    line-height: normal;\n    border-radius: 10px;\n    background: #DD041B;\n    display: flex;\n    align-items: center;\n    justify-content: center;\n    width: 177px;\n    height: 50px;\n  }\n  .btnn:hover {\n    color: #FFF;\n    text-decoration: none;\n    background: #a30616;\n  }\n  .centrarDiv {\n    display: none;\n  }\n  .textCont {\n    font-size: 18px;\n  }\n  @media screen and (max-width: 1000px) {\n    .gb-grid-wrapper {\n      padding-left: 10px;\n      padding-right: 10px;\n    }\n    .centrarDiv {\n      display: flex;\n      justify-content: center;\n    }\n  }\n  @media screen and (max-width: 500px) {\n    .textCont {\n      font-size: 16px;\n    }\n  }\n<\/style>\n<div class=\"centrarDiv\">\n  <a href=\"https:\/\/es.amateur.tv\/blog\/guia-modelos\/\" class=\"btnn\">Volver al men\u00fa<\/a>\n<\/div>\n\n<div class=\"twitter-share\"><a href=\"https:\/\/twitter.com\/intent\/tweet?via=amateur_tv\" class=\"twitter-share-button\" data-size=\"large\">Twittear<\/a><\/div>\n","protected":false},"excerpt":{"rendered":"<p> &#8230; <a title=\"S\u00e9 una estrella: Nivel avanzado &#8211; Ingresos y Estad\u00edsticas\" class=\"read-more\" href=\"https:\/\/es.amateur.tv\/blog\/guia-modelos\/nivel-avanzado-ingresos-y-estadisticas\/\" aria-label=\"Leer m\u00e1s sobre S\u00e9 una estrella: Nivel avanzado &#8211; Ingresos y Estad\u00edsticas\">Seguir leyendo<\/a><\/p>\n","protected":false},"author":2,"featured_media":0,"parent":8649,"menu_order":101,"comment_status":"closed","ping_status":"closed","template":"","meta":{"footnotes":""},"class_list":["post-9310","page","type-page","status-publish"],"yoast_head":"<!-- This site is optimized with the Yoast SEO plugin v27.3 - https:\/\/yoast.com\/product\/yoast-seo-wordpress\/ -->\n<title>S\u00e9 una estrella: Nivel avanzado - Ingresos y Estad\u00edsticas - Blog de Amateur.tv<\/title>\n<meta name=\"robots\" content=\"index, follow, max-snippet:-1, max-image-preview:large, max-video-preview:-1\" \/>\n<link rel=\"canonical\" href=\"https:\/\/es.amateur.tv\/blog\/guia-modelos\/nivel-avanzado-ingresos-y-estadisticas\/\" \/>\n<meta property=\"og:locale\" content=\"es_ES\" \/>\n<meta property=\"og:type\" content=\"article\" \/>\n<meta property=\"og:title\" content=\"S\u00e9 una estrella: Nivel avanzado - Ingresos y Estad\u00edsticas - Blog de Amateur.tv\" \/>\n<meta property=\"og:description\" content=\"... Seguir leyendo\" \/>\n<meta property=\"og:url\" content=\"https:\/\/es.amateur.tv\/blog\/guia-modelos\/nivel-avanzado-ingresos-y-estadisticas\/\" \/>\n<meta property=\"og:site_name\" content=\"Blog de Amateur.tv\" \/>\n<meta property=\"article:modified_time\" content=\"2024-08-05T18:18:01+00:00\" \/>\n<meta name=\"twitter:card\" content=\"summary_large_image\" \/>\n<script type=\"application\/ld+json\" class=\"yoast-schema-graph\">{\"@context\":\"https:\\\/\\\/schema.org\",\"@graph\":[{\"@type\":\"WebPage\",\"@id\":\"https:\\\/\\\/es.amateur.tv\\\/blog\\\/guia-modelos\\\/nivel-avanzado-ingresos-y-estadisticas\\\/\",\"url\":\"https:\\\/\\\/es.amateur.tv\\\/blog\\\/guia-modelos\\\/nivel-avanzado-ingresos-y-estadisticas\\\/\",\"name\":\"S\u00e9 una estrella: Nivel avanzado - Ingresos y Estad\u00edsticas - Blog de Amateur.tv\",\"isPartOf\":{\"@id\":\"https:\\\/\\\/es.amateur.tv\\\/blog\\\/#website\"},\"datePublished\":\"2023-07-19T12:24:28+00:00\",\"dateModified\":\"2024-08-05T18:18:01+00:00\",\"breadcrumb\":{\"@id\":\"https:\\\/\\\/es.amateur.tv\\\/blog\\\/guia-modelos\\\/nivel-avanzado-ingresos-y-estadisticas\\\/#breadcrumb\"},\"inLanguage\":\"es\",\"potentialAction\":[{\"@type\":\"ReadAction\",\"target\":[\"https:\\\/\\\/es.amateur.tv\\\/blog\\\/guia-modelos\\\/nivel-avanzado-ingresos-y-estadisticas\\\/\"]}]},{\"@type\":\"BreadcrumbList\",\"@id\":\"https:\\\/\\\/es.amateur.tv\\\/blog\\\/guia-modelos\\\/nivel-avanzado-ingresos-y-estadisticas\\\/#breadcrumb\",\"itemListElement\":[{\"@type\":\"ListItem\",\"position\":1,\"name\":\"Portada\",\"item\":\"https:\\\/\\\/es.amateur.tv\\\/blog\\\/\"},{\"@type\":\"ListItem\",\"position\":2,\"name\":\"Gu\u00eda para Modelos\",\"item\":\"https:\\\/\\\/es.amateur.tv\\\/blog\\\/guia-modelos\\\/\"},{\"@type\":\"ListItem\",\"position\":3,\"name\":\"S\u00e9 una estrella: Nivel avanzado &#8211; Ingresos y Estad\u00edsticas\"}]},{\"@type\":\"WebSite\",\"@id\":\"https:\\\/\\\/es.amateur.tv\\\/blog\\\/#website\",\"url\":\"https:\\\/\\\/es.amateur.tv\\\/blog\\\/\",\"name\":\"Blog de Amateur.tv\",\"description\":\"Blog de la comunidad de cams Amateur.tv\",\"publisher\":{\"@id\":\"https:\\\/\\\/es.amateur.tv\\\/blog\\\/#organization\"},\"potentialAction\":[{\"@type\":\"SearchAction\",\"target\":{\"@type\":\"EntryPoint\",\"urlTemplate\":\"https:\\\/\\\/es.amateur.tv\\\/blog\\\/?s={search_term_string}\"},\"query-input\":{\"@type\":\"PropertyValueSpecification\",\"valueRequired\":true,\"valueName\":\"search_term_string\"}}],\"inLanguage\":\"es\"},{\"@type\":\"Organization\",\"@id\":\"https:\\\/\\\/es.amateur.tv\\\/blog\\\/#organization\",\"name\":\"Amateur.tv\",\"url\":\"https:\\\/\\\/es.amateur.tv\\\/blog\\\/\",\"logo\":{\"@type\":\"ImageObject\",\"inLanguage\":\"es\",\"@id\":\"https:\\\/\\\/es.amateur.tv\\\/blog\\\/#\\\/schema\\\/logo\\\/image\\\/\",\"url\":\"https:\\\/\\\/es.amateur.tv\\\/blog\\\/wp-content\\\/uploads\\\/2018\\\/02\\\/logoBlog-1.png\",\"contentUrl\":\"https:\\\/\\\/es.amateur.tv\\\/blog\\\/wp-content\\\/uploads\\\/2018\\\/02\\\/logoBlog-1.png\",\"width\":366,\"height\":366,\"caption\":\"Amateur.tv\"},\"image\":{\"@id\":\"https:\\\/\\\/es.amateur.tv\\\/blog\\\/#\\\/schema\\\/logo\\\/image\\\/\"}}]}<\/script>\n<!-- \/ Yoast SEO plugin. -->","yoast_head_json":{"title":"S\u00e9 una estrella: Nivel avanzado - Ingresos y Estad\u00edsticas - Blog de Amateur.tv","robots":{"index":"index","follow":"follow","max-snippet":"max-snippet:-1","max-image-preview":"max-image-preview:large","max-video-preview":"max-video-preview:-1"},"canonical":"https:\/\/es.amateur.tv\/blog\/guia-modelos\/nivel-avanzado-ingresos-y-estadisticas\/","og_locale":"es_ES","og_type":"article","og_title":"S\u00e9 una estrella: Nivel avanzado - Ingresos y Estad\u00edsticas - Blog de Amateur.tv","og_description":"... Seguir leyendo","og_url":"https:\/\/es.amateur.tv\/blog\/guia-modelos\/nivel-avanzado-ingresos-y-estadisticas\/","og_site_name":"Blog de Amateur.tv","article_modified_time":"2024-08-05T18:18:01+00:00","twitter_card":"summary_large_image","schema":{"@context":"https:\/\/schema.org","@graph":[{"@type":"WebPage","@id":"https:\/\/es.amateur.tv\/blog\/guia-modelos\/nivel-avanzado-ingresos-y-estadisticas\/","url":"https:\/\/es.amateur.tv\/blog\/guia-modelos\/nivel-avanzado-ingresos-y-estadisticas\/","name":"S\u00e9 una estrella: Nivel avanzado - Ingresos y Estad\u00edsticas - Blog de Amateur.tv","isPartOf":{"@id":"https:\/\/es.amateur.tv\/blog\/#website"},"datePublished":"2023-07-19T12:24:28+00:00","dateModified":"2024-08-05T18:18:01+00:00","breadcrumb":{"@id":"https:\/\/es.amateur.tv\/blog\/guia-modelos\/nivel-avanzado-ingresos-y-estadisticas\/#breadcrumb"},"inLanguage":"es","potentialAction":[{"@type":"ReadAction","target":["https:\/\/es.amateur.tv\/blog\/guia-modelos\/nivel-avanzado-ingresos-y-estadisticas\/"]}]},{"@type":"BreadcrumbList","@id":"https:\/\/es.amateur.tv\/blog\/guia-modelos\/nivel-avanzado-ingresos-y-estadisticas\/#breadcrumb","itemListElement":[{"@type":"ListItem","position":1,"name":"Portada","item":"https:\/\/es.amateur.tv\/blog\/"},{"@type":"ListItem","position":2,"name":"Gu\u00eda para Modelos","item":"https:\/\/es.amateur.tv\/blog\/guia-modelos\/"},{"@type":"ListItem","position":3,"name":"S\u00e9 una estrella: Nivel avanzado &#8211; Ingresos y Estad\u00edsticas"}]},{"@type":"WebSite","@id":"https:\/\/es.amateur.tv\/blog\/#website","url":"https:\/\/es.amateur.tv\/blog\/","name":"Blog de Amateur.tv","description":"Blog de la comunidad de cams Amateur.tv","publisher":{"@id":"https:\/\/es.amateur.tv\/blog\/#organization"},"potentialAction":[{"@type":"SearchAction","target":{"@type":"EntryPoint","urlTemplate":"https:\/\/es.amateur.tv\/blog\/?s={search_term_string}"},"query-input":{"@type":"PropertyValueSpecification","valueRequired":true,"valueName":"search_term_string"}}],"inLanguage":"es"},{"@type":"Organization","@id":"https:\/\/es.amateur.tv\/blog\/#organization","name":"Amateur.tv","url":"https:\/\/es.amateur.tv\/blog\/","logo":{"@type":"ImageObject","inLanguage":"es","@id":"https:\/\/es.amateur.tv\/blog\/#\/schema\/logo\/image\/","url":"https:\/\/es.amateur.tv\/blog\/wp-content\/uploads\/2018\/02\/logoBlog-1.png","contentUrl":"https:\/\/es.amateur.tv\/blog\/wp-content\/uploads\/2018\/02\/logoBlog-1.png","width":366,"height":366,"caption":"Amateur.tv"},"image":{"@id":"https:\/\/es.amateur.tv\/blog\/#\/schema\/logo\/image\/"}}]}},"_links":{"self":[{"href":"https:\/\/es.amateur.tv\/blog\/wp-json\/wp\/v2\/pages\/9310","targetHints":{"allow":["GET"]}}],"collection":[{"href":"https:\/\/es.amateur.tv\/blog\/wp-json\/wp\/v2\/pages"}],"about":[{"href":"https:\/\/es.amateur.tv\/blog\/wp-json\/wp\/v2\/types\/page"}],"author":[{"embeddable":true,"href":"https:\/\/es.amateur.tv\/blog\/wp-json\/wp\/v2\/users\/2"}],"replies":[{"embeddable":true,"href":"https:\/\/es.amateur.tv\/blog\/wp-json\/wp\/v2\/comments?post=9310"}],"version-history":[{"count":5,"href":"https:\/\/es.amateur.tv\/blog\/wp-json\/wp\/v2\/pages\/9310\/revisions"}],"predecessor-version":[{"id":12960,"href":"https:\/\/es.amateur.tv\/blog\/wp-json\/wp\/v2\/pages\/9310\/revisions\/12960"}],"up":[{"embeddable":true,"href":"https:\/\/es.amateur.tv\/blog\/wp-json\/wp\/v2\/pages\/8649"}],"wp:attachment":[{"href":"https:\/\/es.amateur.tv\/blog\/wp-json\/wp\/v2\/media?parent=9310"}],"curies":[{"name":"wp","href":"https:\/\/api.w.org\/{rel}","templated":true}]}}