{"id":12345,"date":"2024-05-07T16:49:29","date_gmt":"2024-05-07T14:49:29","guid":{"rendered":"https:\/\/es.amateur.tv\/blog\/?page_id=12345"},"modified":"2024-05-07T21:16:03","modified_gmt":"2024-05-07T19:16:03","slug":"nivel-intermedio-emision-conjunta","status":"publish","type":"page","link":"https:\/\/es.amateur.tv\/blog\/guia-modelos\/nivel-intermedio-emision-conjunta\/","title":{"rendered":"Mejora tu emisi\u00f3n: Nivel intermedio &#8211; Emisi\u00f3n Conjunta"},"content":{"rendered":"\n<style>\n .titleG {\n   color: #DE001A;\n   text-align: center;\n   font-size: 63px;\n   font-style: normal;\n   font-weight: 900;\n   line-height: 65px;\n   margin-bottom: 30px;\n   margin-top: 20px;\n   padding-left: 20px;\n   padding-right: 20px;\n  }\n @media screen and (max-width: 400px) {\n    .titleG {\n       font-size: 40px;\n       line-height: 50px;\n       margin-bottom: 20px;\n    }\n  }\n<\/style>\n\n<p class=\"titleG\">Gu\u00eda para modelos<\/p>\n\n\n<div class=\"gb-grid-wrapper gb-grid-wrapper-e4a76ee0 pad-left\">\n<div class=\"gb-grid-column gb-grid-column-35eec1c8\"><div class=\"gb-container gb-container-35eec1c8\">\n\n<p style=\"background-color:#EF934D;border-radius:10px;height: 58px;font-size: 24px;display:flex;justify-content:flex-start;align-items:center;color:#ffffff;padding-left:30px;margin-bottom: 1em;\"><strong>Mejora tu emisi\u00f3n: Nivel Intermedio<\/strong><\/p>\n\n\n\n<h2 class=\"wp-block-heading\" style=\"display:flex;align-items:center;\"><div style=\"background:#EF934D;height: 60px;width: 60px;border-radius:100%;display:flex;justify-content:center;align-items:center;margin-right:15px;color:#ffffff\"><strong>8<\/strong><\/div> <strong>Emisi\u00f3n Conjunta<\/strong><\/h2>\n\n\n\n<h2><strong>\u00a1Emite con otros modelos!<\/strong><\/h2>\n<p>La <strong>emisi\u00f3n conjunta<\/strong> es una funcionalidad que me permite vincular otras cuentas de modelos para que podamos emitir juntos desde mi cuenta sin tener que subir las personas autorizadas. Garantizando as\u00ed que todos estemos validados y podamos mantener nuestras cuentas independientes para emitir en solitario si lo deseamos.<\/p>\n<p><strong>\u00bfC\u00f3mo hacerlo?<\/strong><\/p>\n<ol>\n<li>Ubico y clico en el bot\u00f3n de <strong>\u201cEmisi\u00f3n Conjunta\u201d<\/strong> debajo de tu c\u00e1mara.<\/li>\n<li>Se abrir\u00e1 una ventana donde podr\u00e9 ingresar el nick de mis invitados.<\/li>\n<li>Ingreso los nicks y clico en \u00abSiguiente\u00bb.<\/li>\n<li>Ahora, se abrir\u00e1 una ventana que me muestra un c\u00f3digo m\u00e1s enlace y, clico en \u201cEntendido\u201d.<\/li>\n<li>Comunico a mi modelo invitado el c\u00f3digo, as\u00ed como el enlace de verificaci\u00f3n.<\/li>\n<li>Ya cuando el modelo invitado valida el c\u00f3digo, podr\u00e1n ver la autorizaci\u00f3n de la vinculaci\u00f3n entre cuentas.<\/li>\n<\/ol>\n<p>\u00a1Listos! Ya pueden emitir en conjunto.<\/p>\n<p>Adicionalmente, es importante conocer que esta autorizaci\u00f3n de emisi\u00f3n conjunta caduca a las 24 horas. As\u00ed como los datos personales o de facturaci\u00f3n no ser\u00e1n compartidos con la otra cuenta.<!-- notionvc: 8721fa3c-8391-4b24-a655-62fbe316bb3d --><\/p>\n\n<\/div><\/div>\n\n<div class=\"gb-grid-column gb-grid-column-a1037bcd\"><div class=\"gb-container gb-container-a1037bcd\">\n\n<style>\n a:hover {\n  font-weight: 700;\n }\n .mostrar {\n   display: block;\n  }\n .twitter-share {\n   display: none !important;\n }\n .entry-content {\n   margin-bottom:30px;\n }\n @media screen and (max-width: 1000px) {\n    .gb-grid-wrapper > .gb-grid-column-35eec1c8 {\n      width: 100%;\n    }\n  }\n @media screen and (max-width: 1000px) {\n    .mostrar {\n       display: none !important;\n    }\n  }\n<\/style>\n<p style=\"background-color:#ffcc3d;border-radius:10px;height: 58px;font-size: 24px;display:flex;justify-content:center;align-items:center;color:#ffffff;\" class=\"mostrar\"><strong>Nivel B\u00e1sico<\/strong><\/p>\n\n\n\n<div class=\"mostrar\" style=\"padding:30px;background:#edeff1;border-radius: 10px;margin-bottom: 30px;\">\n\n<p class=\"mostrar\" style=\"font-weight: 700;font-size:24px;\">Empieza<\/p>\n\n<div class=\"mostrar\" style=\"display:flex;margin-top:-10px;\">\n<div id=\"numberR\" class=\"mostrar\" style=\"background:#FFCC3D;height: 32px;width: 32px;border-radius:100%;display:flex;justify-content:center;align-items:center;margin-top:-2px;margin-right:15px;min-height: 32px;min-width: 32px;\"><strong>1<\/strong><\/div>\n<a id=\"textR\" class=\"mostrar\" href=\"https:\/\/es.amateur.tv\/blog\/guia-modelos\/nivel-basico-registro\/\" style=\"color:#000000;word-break: break-word;\">Registro<\/a>\n<\/div>\n\n<div class=\"mostrar\" style=\"display:flex;margin-top:16px;\">\n<div id=\"numberR2\" class=\"mostrar\" style=\"background:#FFCC3D;height: 32px;width: 32px;border-radius:100%;display:flex;justify-content:center;align-items:center;margin-top:-2px;margin-right:15px;min-height: 32px;min-width: 32px;\"><strong>2<\/strong><\/div>\n<a href=\"https:\/\/es.amateur.tv\/blog\/guia-modelos\/empieza-nivel-basico-cuenta-de-modelo\/\" id=\"textR2\" style=\"color:#000000;word-break: break-word;\">Cuenta de modelo<\/a>\n<\/div>\n\n<div style=\"display:flex;margin-top:16px;\">\n<div id=\"numberR3\" style=\"background:#FFCC3D;height: 32px;width: 32px;border-radius:100%;display:flex;justify-content:center;align-items:center;margin-top:-2px;margin-right:15px;min-height: 32px;min-width: 32px;\"><strong>3<\/strong><\/div>\n<a href=\"https:\/\/es.amateur.tv\/blog\/guia-modelos\/nivel-basico-como-ganar\/\" id=\"textR3\" style=\"color:#000000;word-break: break-word;\">\u00bfC\u00f3mo ganar $?<\/a>\n<\/div>\n\n<\/div>\n\n\n\n<p style=\"background-color:#EF934D;border-radius:10px;height: 58px;font-size: 24px;display:flex;justify-content:center;align-items:center;color:#ffffff;line-height: 24px;padding-left: 10px;padding-right: 10px;\" class=\"mostrar\"><strong>Nivel Intermedio<\/strong><\/p>\n\n\n\n<div class=\"mostrar\" style=\"padding:30px;background:#edeff1;border-radius: 10px;margin-bottom: 30px;\">\n\n<p class=\"mostrar\" style=\"font-weight: 700;font-size:24px;\">Mejora tu emisi\u00f3n<\/p>\n\n<div class=\"mostrar\" style=\"display:flex;margin-top:-10px;\">\n<div id=\"numberR4\" style=\"background:#EF934D;height: 32px;width: 32px;border-radius:100%;display:flex;justify-content:center;align-items:center;margin-top:-2px;margin-right:15px;color:white;min-height: 32px;min-width: 32px;\"><strong>1<\/strong><\/div>\n<a href=\"https:\/\/es.amateur.tv\/blog\/guia-modelos\/nivel-intermedio-configurar-sala\/\" id=\"textR4\" style=\"color:#000000;word-break: break-word;\">Configurar sala<\/a>\n<\/div>\n\n<div class=\"mostrar\" style=\"display:flex;margin-top:16px;\">\n<div id=\"numberR5\" style=\"background:#EF934D;height: 32px;width: 32px;border-radius:100%;display:flex;justify-content:center;align-items:center;margin-top:-2px;margin-right:15px;color:white;min-height: 32px;min-width: 32px;\"><strong>2<\/strong><\/div>\n<a href=\"https:\/\/es.amateur.tv\/blog\/guia-modelos\/nivel-intermedio-juegos-y-bots\/\" id=\"textR5\" style=\"color:#000000;word-break: break-word;\">Juegos y Bots<\/a>\n<\/div>\n\n<div class=\"mostrar\" style=\"display:flex;margin-top:16px;\">\n<div id=\"numberR6\" style=\"background:#EF934D;height: 32px;width: 32px;border-radius:100%;display:flex;justify-content:center;align-items:center;margin-top:-2px;margin-right:15px;color:white;min-height: 32px;min-width: 32px;\"><strong>3<\/strong><\/div>\n<a href=\"https:\/\/es.amateur.tv\/blog\/guia-modelos\/nivel-intermedio-conectar-juguetes\/\" id=\"textR6\" style=\"color:#000000;word-break: break-word;\">Conectar juguetes<\/a>\n<\/div>\n\n<div class=\"mostrar\" style=\"display:flex;margin-top:16px;\">\n<div id=\"numberR7\" style=\"background:#EF934D;height: 32px;width: 32px;border-radius:100%;display:flex;justify-content:center;align-items:center;margin-top:-2px;margin-right:15px;color:white;min-height: 32px;min-width: 32px;\"><strong>4<\/strong><\/div>\n<a href=\"https:\/\/es.amateur.tv\/blog\/guia-modelos\/nivel-intermedio-ranking-embajadoras\/\" id=\"textR7\" style=\"color:#000000;word-break: break-word;\">Ranking Embajadoras<\/a>\n<\/div>\n\n<div class=\"mostrar\" style=\"display:flex;margin-top:16px;\">\n<div id=\"numberR8\" style=\"background:#EF934D;height: 32px;width: 32px;border-radius:100%;display:flex;justify-content:center;align-items:center;margin-top:-2px;margin-right:15px;color:white;min-height: 32px;min-width: 32px;\"><strong>5<\/strong><\/div>\n<a href=\"https:\/\/es.amateur.tv\/blog\/guia-modelos\/nivel-intermedio-monetizacion\/\" id=\"textR8\" style=\"color:#000000;word-break: break-word;\">Monetizaci\u00f3n<\/a>\n<\/div>\n\n<div class=\"mostrar\" style=\"display:flex;margin-top:16px;\">\n<div id=\"numberR9\" style=\"background:#EF934D;height: 32px;width: 32px;border-radius:100%;display:flex;justify-content:center;align-items:center;margin-top:-2px;margin-right:15px;color:white;min-height: 32px;min-width: 32px;\"><strong>6<\/strong><\/div>\n<a href=\"https:\/\/es.amateur.tv\/blog\/guia-modelos\/nivel-intermedio-retiro-de-propinas\/\" id=\"textR9\" style=\"color:#000000;word-break: break-word;\">Retiro de propinas<\/a>\n<\/div>\n\n<div class=\"mostrar\" style=\"display:flex;margin-top:16px;\">\n<div id=\"numberR10\" style=\"background:#EF934D;height: 32px;width: 32px;border-radius:100%;display:flex;justify-content:center;align-items:center;margin-top:-2px;margin-right:15px;color:white;min-height: 32px;min-width: 32px;\"><strong>7<\/strong><\/div>\n<a href=\"https:\/\/es.amateur.tv\/blog\/guia-modelos\/nivel-intermedio-contacto-con-soporte\/\" id=\"textR10\" style=\"color:#000000;word-break: break-word;\">Contacto con soporte<\/a>\n<\/div>\n\n<div class=\"mostrar\" style=\"display:flex;margin-top:16px;\">\n<div id=\"numberR11\" style=\"background:#EF934D;height: 32px;width: 32px;border-radius:100%;display:flex;justify-content:center;align-items:center;margin-top:-2px;margin-right:15px;color:white;min-height: 32px;min-width: 32px;\"><strong>8<\/strong><\/div>\n<a href=\"https:\/\/es.amateur.tv\/blog\/guia-modelos\/nivel-intermedio-emision-conjunta\/\" id=\"textR11\" style=\"color:#000000;word-break: break-word;\">Emisi\u00f3n Conjunta<\/a>\n<\/div>\n\n<div class=\"mostrar\" style=\"display:flex;margin-top:16px;\">\n<div id=\"numberR12\" style=\"background:#EF934D;height: 32px;width: 32px;border-radius:100%;display:flex;justify-content:center;align-items:center;margin-top:-2px;margin-right:15px;color:white;min-height: 32px;min-width: 32px;\"><strong>9<\/strong><\/div>\n<a href=\"https:\/\/es.amateur.tv\/blog\/guia-modelos\/mejora-tu-emision-nivel-intermedio-camscore\/\" id=\"textR12\" style=\"color:#000000;word-break: break-word;\">CamScore<\/a>\n<\/div>\n\n<\/div>\n\n\n\n<p style=\"background-color:#DE001A;border-radius:10px;height: 58px;font-size: 24px;display:flex;justify-content:center;align-items:center;color:#ffffff;line-height: 24px;padding-left: 10px;padding-right: 10px;\" class=\"mostrar\"><strong>Nivel Avanzado<\/strong><\/p>\n\n\n\n<div class=\"mostrar\" style=\"padding:30px;background:#edeff1;border-radius: 10px;\">\n\n<p class=\"mostrar\" style=\"font-weight: 700;font-size:24px;\">S\u00e9 una estrella<\/p>\n\n<div class=\"mostrar\" style=\"display:flex;margin-top:-10px;\">\n<div id=\"numberR13\" style=\"background:#DE001A;height: 32px;width: 32px;border-radius:100%;display:flex;justify-content:center;align-items:center;margin-top:-2px;margin-right:15px;color:#ffffff;min-height: 32px;min-width: 32px;\"><strong>1<\/strong><\/div>\n<a href=\"https:\/\/es.amateur.tv\/blog\/guia-modelos\/nivel-avanzado-crear-comunidad-rrss\/\" id=\"textR13\" style=\"color:#000000;word-break: break-word;\">Crear comunidad (RRSS)<\/a>\n<\/div>\n\n<div class=\"mostrar\" style=\"display:flex;margin-top:16px;\">\n<div id=\"numberR14\" style=\"background:#DE001A;height: 32px;width: 32px;border-radius:100%;display:flex;justify-content:center;align-items:center;margin-top:-2px;margin-right:15px;color:#ffffff;min-height: 32px;min-width: 32px;\"><strong>2<\/strong><\/div>\n<a href=\"https:\/\/es.amateur.tv\/blog\/guia-modelos\/nivel-avanzado-anunciar-show\/\" id=\"textR14\" style=\"color:#000000;word-break: break-word;\">Anunciar show<\/a>\n<\/div>\n\n<div class=\"mostrar\" style=\"display:flex;margin-top:16px;\">\n<div id=\"numberR15\" style=\"background:#DE001A;height: 32px;width: 32px;border-radius:100%;display:flex;justify-content:center;align-items:center;margin-top:-2px;margin-right:15px;color:#ffffff;min-height: 32px;min-width: 32px;\"><strong>3<\/strong><\/div>\n<a href=\"https:\/\/es.amateur.tv\/blog\/guia-modelos\/nivel-avanzado-emitir-en-hd\/\" id=\"textR15\" style=\"color:#000000;word-break: break-word;\">Emitir en HD<\/a>\n<\/div>\n\n<div class=\"mostrar\" style=\"display:flex;margin-top:16px;\">\n<div id=\"numberR16\" style=\"background:#DE001A;height: 32px;width: 32px;border-radius:100%;display:flex;justify-content:center;align-items:center;margin-top:-2px;margin-right:15px;color:#ffffff;min-height: 32px;min-width: 32px;\"><strong>4<\/strong><\/div>\n<a href=\"https:\/\/es.amateur.tv\/blog\/guia-modelos\/nivel-avanzado-mejorar-emision-en-hd\/\" id=\"textR16\" style=\"color:#000000;word-break: break-word;\">Mejorar emisi\u00f3n en HD<\/a>\n<\/div>\n\n<div class=\"mostrar\" style=\"display:flex;margin-top:16px;\">\n<div id=\"numberR17\" style=\"background:#DE001A;height: 32px;width: 32px;border-radius:100%;display:flex;justify-content:center;align-items:center;margin-top:-2px;margin-right:15px;color:#ffffff;min-height: 32px;min-width: 32px;\"><strong>5<\/strong><\/div>\n<a href=\"https:\/\/es.amateur.tv\/blog\/guia-modelos\/nivel-avanzado-juguetes-y-obs\/\" id=\"textR17\" style=\"color:#000000;word-break: break-word;\">Juguetes y OBS<\/a>\n<\/div>\n\n<div class=\"mostrar\" style=\"display:flex;margin-top:16px;\">\n<div id=\"numberR18\" style=\"background:#DE001A;height: 32px;width: 32px;border-radius:100%;display:flex;justify-content:center;align-items:center;margin-top:-2px;margin-right:15px;color:#ffffff;min-height: 32px;min-width: 32px;\"><strong>6<\/strong><\/div>\n<a href=\"https:\/\/es.amateur.tv\/blog\/guia-modelos\/nivel-avanzado-ingresos-y-estadisticas\/\" id=\"textR18\" style=\"color:#000000;word-break: break-word;\">Ingresos y Estad\u00edsticas<\/a>\n<\/div>\n\n<div class=\"mostrar\" style=\"display:flex;margin-top:16px;\">\n<div id=\"numberR19\" style=\"background:#DE001A;height: 32px;width: 32px;border-radius:100%;display:flex;justify-content:center;align-items:center;margin-top:-2px;margin-right:15px;color:#ffffff;min-height: 32px;min-width: 32px;\"><strong>7<\/strong><\/div>\n<a href=\"https:\/\/es.amateur.tv\/blog\/guia-modelos\/se-una-estrella-nivel-avanzado-fotos-y-videos\/\" id=\"textR19\" style=\"color:#000000;word-break: break-word;\">Fotos y v\u00eddeos<\/a>\n<\/div>\n\n\n<\/div>\n\n<\/div><\/div>\n<\/div>\n\n\n<style>\n  #numberR11 {\n    background: #000000 !important;\n    color: #ffffff !important;\n  }\n  #textR11 {\n    font-weight: bold;\n  }\n .btnn {\n    margin-top: 40px;\n    color: #FFF;\n    text-align: center;\n    font-size: 18px;\n    font-style: normal;\n    font-weight: 700;\n    line-height: normal;\n    border-radius: 10px;\n    background: #DD041B;\n    display: flex;\n    align-items: center;\n    justify-content: center;\n    width: 177px;\n    height: 50px;\n  }\n  .btnn:hover {\n    color: #FFF;\n    text-decoration: none;\n    background: #a30616;\n  }\n  .centrarDiv {\n    display: none;\n  }\n  .textCont {\n    font-size: 18px;\n  }\n  @media screen and (max-width: 1000px) {\n    .gb-grid-wrapper {\n      padding-left: 10px;\n      padding-right: 10px;\n    }\n    .centrarDiv {\n      display: flex;\n      justify-content: center;\n    }\n  }\n  @media screen and (max-width: 500px) {\n    .textCont {\n      font-size: 16px;\n    }\n  }\n<\/style>\n<div class=\"centrarDiv\">\n  <a href=\"https:\/\/es.amateur.tv\/blog\/guia-modelos\/\" class=\"btnn\">Volver al men\u00fa<\/a>\n<\/div>\n\n<div class=\"twitter-share\"><a href=\"https:\/\/twitter.com\/intent\/tweet?via=amateur_tv\" class=\"twitter-share-button\" data-size=\"large\">Twittear<\/a><\/div>\n","protected":false},"excerpt":{"rendered":"<p> &#8230; <a title=\"Mejora tu emisi\u00f3n: Nivel intermedio &#8211; Emisi\u00f3n Conjunta\" class=\"read-more\" href=\"https:\/\/es.amateur.tv\/blog\/guia-modelos\/nivel-intermedio-emision-conjunta\/\" aria-label=\"Leer m\u00e1s sobre Mejora tu emisi\u00f3n: Nivel intermedio &#8211; Emisi\u00f3n Conjunta\">Seguir leyendo<\/a><\/p>\n","protected":false},"author":2,"featured_media":0,"parent":8649,"menu_order":101,"comment_status":"closed","ping_status":"closed","template":"","meta":{"footnotes":""},"class_list":["post-12345","page","type-page","status-publish"],"yoast_head":"<!-- This site is optimized with the Yoast SEO plugin v27.3 - https:\/\/yoast.com\/product\/yoast-seo-wordpress\/ -->\n<title>Mejora tu emisi\u00f3n: Nivel intermedio - Emisi\u00f3n Conjunta - Blog de Amateur.tv<\/title>\n<meta name=\"robots\" content=\"index, follow, max-snippet:-1, max-image-preview:large, max-video-preview:-1\" \/>\n<link rel=\"canonical\" href=\"https:\/\/es.amateur.tv\/blog\/guia-modelos\/nivel-intermedio-emision-conjunta\/\" \/>\n<meta property=\"og:locale\" content=\"es_ES\" \/>\n<meta property=\"og:type\" content=\"article\" \/>\n<meta property=\"og:title\" content=\"Mejora tu emisi\u00f3n: Nivel intermedio - Emisi\u00f3n Conjunta - Blog de Amateur.tv\" \/>\n<meta property=\"og:description\" content=\"... Seguir leyendo\" \/>\n<meta property=\"og:url\" content=\"https:\/\/es.amateur.tv\/blog\/guia-modelos\/nivel-intermedio-emision-conjunta\/\" \/>\n<meta property=\"og:site_name\" content=\"Blog de Amateur.tv\" \/>\n<meta property=\"article:modified_time\" content=\"2024-05-07T19:16:03+00:00\" \/>\n<meta name=\"twitter:card\" content=\"summary_large_image\" \/>\n<script type=\"application\/ld+json\" class=\"yoast-schema-graph\">{\"@context\":\"https:\\\/\\\/schema.org\",\"@graph\":[{\"@type\":\"WebPage\",\"@id\":\"https:\\\/\\\/es.amateur.tv\\\/blog\\\/guia-modelos\\\/nivel-intermedio-emision-conjunta\\\/\",\"url\":\"https:\\\/\\\/es.amateur.tv\\\/blog\\\/guia-modelos\\\/nivel-intermedio-emision-conjunta\\\/\",\"name\":\"Mejora tu emisi\u00f3n: Nivel intermedio - Emisi\u00f3n Conjunta - Blog de Amateur.tv\",\"isPartOf\":{\"@id\":\"https:\\\/\\\/es.amateur.tv\\\/blog\\\/#website\"},\"datePublished\":\"2024-05-07T14:49:29+00:00\",\"dateModified\":\"2024-05-07T19:16:03+00:00\",\"breadcrumb\":{\"@id\":\"https:\\\/\\\/es.amateur.tv\\\/blog\\\/guia-modelos\\\/nivel-intermedio-emision-conjunta\\\/#breadcrumb\"},\"inLanguage\":\"es\",\"potentialAction\":[{\"@type\":\"ReadAction\",\"target\":[\"https:\\\/\\\/es.amateur.tv\\\/blog\\\/guia-modelos\\\/nivel-intermedio-emision-conjunta\\\/\"]}]},{\"@type\":\"BreadcrumbList\",\"@id\":\"https:\\\/\\\/es.amateur.tv\\\/blog\\\/guia-modelos\\\/nivel-intermedio-emision-conjunta\\\/#breadcrumb\",\"itemListElement\":[{\"@type\":\"ListItem\",\"position\":1,\"name\":\"Portada\",\"item\":\"https:\\\/\\\/es.amateur.tv\\\/blog\\\/\"},{\"@type\":\"ListItem\",\"position\":2,\"name\":\"Gu\u00eda para Modelos\",\"item\":\"https:\\\/\\\/es.amateur.tv\\\/blog\\\/guia-modelos\\\/\"},{\"@type\":\"ListItem\",\"position\":3,\"name\":\"Mejora tu emisi\u00f3n: Nivel intermedio &#8211; Emisi\u00f3n Conjunta\"}]},{\"@type\":\"WebSite\",\"@id\":\"https:\\\/\\\/es.amateur.tv\\\/blog\\\/#website\",\"url\":\"https:\\\/\\\/es.amateur.tv\\\/blog\\\/\",\"name\":\"Blog de Amateur.tv\",\"description\":\"Blog de la comunidad de cams Amateur.tv\",\"publisher\":{\"@id\":\"https:\\\/\\\/es.amateur.tv\\\/blog\\\/#organization\"},\"potentialAction\":[{\"@type\":\"SearchAction\",\"target\":{\"@type\":\"EntryPoint\",\"urlTemplate\":\"https:\\\/\\\/es.amateur.tv\\\/blog\\\/?s={search_term_string}\"},\"query-input\":{\"@type\":\"PropertyValueSpecification\",\"valueRequired\":true,\"valueName\":\"search_term_string\"}}],\"inLanguage\":\"es\"},{\"@type\":\"Organization\",\"@id\":\"https:\\\/\\\/es.amateur.tv\\\/blog\\\/#organization\",\"name\":\"Amateur.tv\",\"url\":\"https:\\\/\\\/es.amateur.tv\\\/blog\\\/\",\"logo\":{\"@type\":\"ImageObject\",\"inLanguage\":\"es\",\"@id\":\"https:\\\/\\\/es.amateur.tv\\\/blog\\\/#\\\/schema\\\/logo\\\/image\\\/\",\"url\":\"https:\\\/\\\/es.amateur.tv\\\/blog\\\/wp-content\\\/uploads\\\/2018\\\/02\\\/logoBlog-1.png\",\"contentUrl\":\"https:\\\/\\\/es.amateur.tv\\\/blog\\\/wp-content\\\/uploads\\\/2018\\\/02\\\/logoBlog-1.png\",\"width\":366,\"height\":366,\"caption\":\"Amateur.tv\"},\"image\":{\"@id\":\"https:\\\/\\\/es.amateur.tv\\\/blog\\\/#\\\/schema\\\/logo\\\/image\\\/\"}}]}<\/script>\n<!-- \/ Yoast SEO plugin. -->","yoast_head_json":{"title":"Mejora tu emisi\u00f3n: Nivel intermedio - Emisi\u00f3n Conjunta - Blog de Amateur.tv","robots":{"index":"index","follow":"follow","max-snippet":"max-snippet:-1","max-image-preview":"max-image-preview:large","max-video-preview":"max-video-preview:-1"},"canonical":"https:\/\/es.amateur.tv\/blog\/guia-modelos\/nivel-intermedio-emision-conjunta\/","og_locale":"es_ES","og_type":"article","og_title":"Mejora tu emisi\u00f3n: Nivel intermedio - Emisi\u00f3n Conjunta - Blog de Amateur.tv","og_description":"... Seguir leyendo","og_url":"https:\/\/es.amateur.tv\/blog\/guia-modelos\/nivel-intermedio-emision-conjunta\/","og_site_name":"Blog de Amateur.tv","article_modified_time":"2024-05-07T19:16:03+00:00","twitter_card":"summary_large_image","schema":{"@context":"https:\/\/schema.org","@graph":[{"@type":"WebPage","@id":"https:\/\/es.amateur.tv\/blog\/guia-modelos\/nivel-intermedio-emision-conjunta\/","url":"https:\/\/es.amateur.tv\/blog\/guia-modelos\/nivel-intermedio-emision-conjunta\/","name":"Mejora tu emisi\u00f3n: Nivel intermedio - Emisi\u00f3n Conjunta - Blog de Amateur.tv","isPartOf":{"@id":"https:\/\/es.amateur.tv\/blog\/#website"},"datePublished":"2024-05-07T14:49:29+00:00","dateModified":"2024-05-07T19:16:03+00:00","breadcrumb":{"@id":"https:\/\/es.amateur.tv\/blog\/guia-modelos\/nivel-intermedio-emision-conjunta\/#breadcrumb"},"inLanguage":"es","potentialAction":[{"@type":"ReadAction","target":["https:\/\/es.amateur.tv\/blog\/guia-modelos\/nivel-intermedio-emision-conjunta\/"]}]},{"@type":"BreadcrumbList","@id":"https:\/\/es.amateur.tv\/blog\/guia-modelos\/nivel-intermedio-emision-conjunta\/#breadcrumb","itemListElement":[{"@type":"ListItem","position":1,"name":"Portada","item":"https:\/\/es.amateur.tv\/blog\/"},{"@type":"ListItem","position":2,"name":"Gu\u00eda para Modelos","item":"https:\/\/es.amateur.tv\/blog\/guia-modelos\/"},{"@type":"ListItem","position":3,"name":"Mejora tu emisi\u00f3n: Nivel intermedio &#8211; Emisi\u00f3n Conjunta"}]},{"@type":"WebSite","@id":"https:\/\/es.amateur.tv\/blog\/#website","url":"https:\/\/es.amateur.tv\/blog\/","name":"Blog de Amateur.tv","description":"Blog de la comunidad de cams Amateur.tv","publisher":{"@id":"https:\/\/es.amateur.tv\/blog\/#organization"},"potentialAction":[{"@type":"SearchAction","target":{"@type":"EntryPoint","urlTemplate":"https:\/\/es.amateur.tv\/blog\/?s={search_term_string}"},"query-input":{"@type":"PropertyValueSpecification","valueRequired":true,"valueName":"search_term_string"}}],"inLanguage":"es"},{"@type":"Organization","@id":"https:\/\/es.amateur.tv\/blog\/#organization","name":"Amateur.tv","url":"https:\/\/es.amateur.tv\/blog\/","logo":{"@type":"ImageObject","inLanguage":"es","@id":"https:\/\/es.amateur.tv\/blog\/#\/schema\/logo\/image\/","url":"https:\/\/es.amateur.tv\/blog\/wp-content\/uploads\/2018\/02\/logoBlog-1.png","contentUrl":"https:\/\/es.amateur.tv\/blog\/wp-content\/uploads\/2018\/02\/logoBlog-1.png","width":366,"height":366,"caption":"Amateur.tv"},"image":{"@id":"https:\/\/es.amateur.tv\/blog\/#\/schema\/logo\/image\/"}}]}},"_links":{"self":[{"href":"https:\/\/es.amateur.tv\/blog\/wp-json\/wp\/v2\/pages\/12345","targetHints":{"allow":["GET"]}}],"collection":[{"href":"https:\/\/es.amateur.tv\/blog\/wp-json\/wp\/v2\/pages"}],"about":[{"href":"https:\/\/es.amateur.tv\/blog\/wp-json\/wp\/v2\/types\/page"}],"author":[{"embeddable":true,"href":"https:\/\/es.amateur.tv\/blog\/wp-json\/wp\/v2\/users\/2"}],"replies":[{"embeddable":true,"href":"https:\/\/es.amateur.tv\/blog\/wp-json\/wp\/v2\/comments?post=12345"}],"version-history":[{"count":4,"href":"https:\/\/es.amateur.tv\/blog\/wp-json\/wp\/v2\/pages\/12345\/revisions"}],"predecessor-version":[{"id":12367,"href":"https:\/\/es.amateur.tv\/blog\/wp-json\/wp\/v2\/pages\/12345\/revisions\/12367"}],"up":[{"embeddable":true,"href":"https:\/\/es.amateur.tv\/blog\/wp-json\/wp\/v2\/pages\/8649"}],"wp:attachment":[{"href":"https:\/\/es.amateur.tv\/blog\/wp-json\/wp\/v2\/media?parent=12345"}],"curies":[{"name":"wp","href":"https:\/\/api.w.org\/{rel}","templated":true}]}}